 4*o = -3*v + 84 + 129, 2*o = a*v - 284. What is the remainder when v is divided by l(5)?
23
Let b be 15/2*(-4)/(-6). Suppose b*m - 8 = m. Suppose 304*r = 277*r + 135. Calculate the remainder when r is divided by m.
1
Calculate the remainder when (-7455)/(-35) - (-8)/1 is divided by 56.
53
Let t(j) = j**3 - 24*j**2 - 25*j + 10. Calculate the remainder when t(25) is divided by 5.
0
Let v be -5*(318/5)/3. Let m = v - -183. Calculate the remainder when m is divided by 26.
25
Suppose m - 16 = -b, 6*b - 58 = 2*b - m. What is the remainder when 123 is divided by b?
11
Suppose c = -4*s - 0*c + 162, 5*s + 4*c = 197. Calculate the remainder when s is divided by ((-6)/3)/((-2)/9).
5
Suppose -s + 0 = -4. Suppose -s*w = 5*k - 30, -2*k = -w + 2 + 12. What is the remainder when w is divided by (-4 + 0)*(-3)/4?
1
Let x(z) = -3*z + 85. Calculate the remainder when 43 is divided by x(25).
3
Let t(v) = v**3 + 11*v**2 - v - 1. Calculate the remainder when t(-11) is divided by 3.
1
Let l = 858 + -494. Calculate the remainder when l is divided by 16.
12
Let r = 2 - -3. Suppose j + j + x = 109, 2*x + 268 = r*j. Suppose 3*g = -4*u - u + 101, 5*g - 10 = 0. What is the remainder when j is divided by u?
16
Let q = 3 + 2. Let t = -3 + q. What is the remainder when (-28)/(-6)*9/6 is divided by t?
1
Suppose -11*z + 18*z - 56 = 0. Suppose 4*b - 2*b = 36. Let s = b - z. Calculate the remainder when 39 is divided by s.
9
Suppose -5*g - 15 = 5*d, -3*g + 3*d - 9 = -0. Let f(u) = -u**2 + u + 6. Let s be f(g). Calculate the remainder when 23 is divided by s/4 + 58/4.
10
Let x = -390 - -503. What is the remainder when x is divided by 57?
56
What is the remainder when 60 is divided by 657/51 - (-24)/204?
8
Suppose 8*d - 77 = -c + 6*d, 72 = c + 3*d. What is the remainder when c is divided by 31?
25
Let o(j) = 5*j + 2. Let s be o(1). Suppose s*y + 64 = 421. What is the remainder when y is divided by 11?
7
Let h(c) = 58*c**2 + 11*c - 2. What is the remainder when 266 is divided by h(1)?
65
Suppose 5*q + p - 26 = 0, q + 2*p - 10 = -3*p. Suppose -q*z = j - 20, -40 = -7*z + 3*z + 4*j. What is the remainder when 8 is divided by z?
3
Suppose -2*o + 6*o + 4 = 0. What is the remainder when 1/(0 - 4/(-108)) is divided by 2/(-2) + o - -9?
6
Let s(i) = i**3 - 4*i**2 + 5*i + 1. Suppose -5*l - 6 = -21. Suppose -l*k = -5*j - 0 + 8, -3*j - 2*k = -20. What is the remainder when s(j) is divided by 8?
5
Let f(t) = 4*t**2 + 6*t + 28. Calculate the remainder when f(-4) is divided by 2.
0
Suppose -41 = -14*h + 99. What is the remainder when (-2)/14 + (-211)/(-7) is divided by h?
0
Let y = 266 - 181. Calculate the remainder when y is divided by 616/21*(-7)/(84/(-9)).
19
Suppose -b - 8*b = 0. Suppose q + 2*q - 93 = b. What is the remainder when q is divided by 8?
7
What is the remainder when 11 is divided by 1/((-1)/(-8)*-2) + 11?
4
Let z(h) = -3*h - 20. Let u be z(-8). Suppose 5*d = 3*g + 55, g + 3*g + 52 = u*d. What is the remainder when 27 is divided by d?
3
Let h(w) = 7*w**2 + w. Let u = 2 - -3. Suppose 3*x - u = -6*m + 4*m, -2*m + 3 = x. What is the remainder when h(m) is divided by 3?
2
Let v = -62 + 115. Calculate the remainder when v is divided by 28.
25
Let i(l) = 11*l + 2. Let r = -169 + 260. What is the remainder when r is divided by i(4)?
45
Let m(r) = -r**3 - 26*r**2 - 10*r - 251. Calculate the remainder when 44 is divided by m(-26).
8
Let l(n) = -5*n**2 - 53*n + 101. Let y(w) = 3*w**2 + 27*w - 51. Let d(x) = -4*l(x) - 7*y(x). What is the remainder when d(19) is divided by 11?
7
Calculate the remainder when (-465)/(-5)*(-1)/(-1) is divided by 25.
18
Let n = 37 - 39. Calculate the remainder when 140 is divided by (34 - -3) + (2/n)/1.
32
Let t(p) = -4*p**2 + 47*p - 28. What is the remainder when 292 is divided by t(10)?
40
Let s = 8 - 6. Suppose -5*p - 15 + 20 = 0. What is the remainder when s is divided by p?
0
Let b = 1107 - 810. Calculate the remainder when b is divided by 99.
0
Let b(d) = -d**3 - 7*d**2 + 2*d + 1. Suppose 5*t + 16 - 1 = 5*a, 0 = 4*a + 16. Let g be b(t). Let p = g + 18. Calculate the remainder when 24 is divided by p.
4
Let h(g) = -56*g**3 + 2*g**2 - 1. Let d(t) = 37*t**2 + 477*t - 42. What is the remainder when h(-1) is divided by d(-13)?
7
Let f = 8 + -5. Let z be (2 - -2*f) + -2. Suppose 0 = -4*t + z + 26. Calculate the remainder when t is divided by 5.
3
Let b(o) = -17*o - 63. Calculate the remainder when 38 is divided by b(-4).
3
Calculate the remainder when 743 is divided by (107 + 2 - -1) + -196 + 193.
101
Let b = 1 + 2. Suppose -2*j + o = -2*o, o = b*j. Suppose 0 = -4*v - j + 44. What is the remainder when 31 is divided by v?
9
Let b(t) = t**3 + 5*t**2 - 4*t - 2. Calculate the remainder when 108 is divided by b(3).
50
What is the remainder when 103 is divided by (-78)/(-12) - 9/6?
3
Let v = -439 + 457. What is the remainder when 64 is divided by v?
10
Let i be (5 - 1)*-1 - -6. Let n(a) = 2*a**3 + 5*a**2 - 6*a + 2. What is the remainder when n(i) is divided by 10?
6
Suppose 2*b - 125 = -c, 2*b + 105 = c - 0*b. Calculate the remainder when c is divided by 30.
25
Let h = 752 + -737. Calculate the remainder when 29 is divided by h.
14
Let r(o) = -o**2 - 8*o. Suppose -5*b - 5*n = -305, -3*b - 4*n - 39 = -220. What is the remainder when b is divided by r(-4)?
15
Let b(j) = 30*j**2 - 70*j + 137. What is the remainder when b(2) is divided by 5?
2
Let p(d) = d**2 - 8*d + 10. Let y be p(7). Suppose 35 = -y*b - 64. Let z = 88 + b. Calculate the remainder when z is divided by 14.
13
Suppose 0*b - 4*b + 148 = 0. Let k = -19 + b. Suppose -a + 22 = -29. Calculate the remainder when a is divided by k.
15
Let h(y) = -y**3 - 41*y**2 + 173*y + 131. Calculate the remainder when h(-45) is divided by 117.
95
Suppose 4 = 2*w - 6. Let p = 48 - 42. Suppose -35*m + 38*m = p. Calculate the remainder when w is divided by m.
1
Suppose 9*i - 496 = i. What is the remainder when i is divided by 16?
14
Let y = 76 - 36. Let q = -3113 + 3230. What is the remainder when q is divided by y?
37
Suppose 148 + 56 = -4*w. Let j = -26 - w. Calculate the remainder when 97 is divided by j.
22
Let l = 760 - 728. Let p(k) = k**2 + k. Let d(f) = -6*f**2 - 12*f + 5. Let h(c) = d(c) + 5*p(c). What is the remainder when l is divided by h(-6)?
10
Suppose -2*m - 1 = 3. Calculate the remainder when 34 is divided by (-1 - -1) + (-2 + m - -8).
2
Let s(m) = -4*m + 6. Let u(p) = p**2 + 7*p - 11. Let f(y) = 5*s(y) + 3*u(y). What is the remainder when 41 is divided by f(2)?
8
Let z = -1 + -22. Let j = z + 47. Suppose 6*w = 3*w + 1 + 38. Calculate the remainder when j is divided by w.
11
Let z be ((-6)/9)/((-4)/30). Suppose -r + 36 = 2*l, 0*l = -z*l - 2*r + 91. Calculate the remainder when 54 is divided by l.
16
Suppose -39*z + 124*z = 10880. What is the remainder when 1022 is divided by z?
126
Suppose -65*v + 432 = -11*v. Suppose 5*i - 123 - 2 = 0. What is the remainder when i is divided by v?
1
Let z = -371 + 458. Calculate the remainder when z is divided by 49.
38
Let h = 111 - 109. What is the remainder when (h/8)/((-3)/152)*-9 is divided by 39?
36
Let x(a) = -2*a - 10. Let v(j) be the second derivative of -j**4 - j**3/6 + j**2 - j. Let h be v(1). What is the remainder when x(h) is divided by 4?
0
Let i(l) = 45*l - 1. Let b be i(3). Suppose 4*j - 4*s = 96, -3*j + b = 2*j + 2*s. Calculate the remainder when j is divided by 7.
5
Suppose -6*l - 1343 = -2027. Calculate the remainder when 252 is divided by l.
24
Let v(m) = -m. Suppose 119*q - 77*q - 294 = 0. Calculate the remainder when q is divided by v(-3).
1
Suppose 0 = i + 21*i - 638. Calculate the remainder when 4870 is divided by i.
27
Suppose 5*a + 4*m = 56, 3*m + 2 = 3*a - 10. Let k = -13 - -9. Calculate the remainder when 11 - ((1 - -1) + k) is divided by a.
5
Let m = 9 - 2. Suppose 0 = a - 22 + m. What is the remainder when 29 is divided by a?
14
What is the remainder when (-1)/((-48)/47 - -1) is divided by 4/12 + (-1190)/(-102)?
11
Suppose -5*h + 110 = -115. Suppose h = 3*y - 3*o, y + 0*o = 4*o. What is the remainder when 36 is divided by y?
16
Suppose 0 = -4*x + 3*x + 15. Let q(d) = 3*d**2 - 8*d - 6. What is the remainder when q(6) is divided by x?
9
Let w = -26 - -8. Let z = -1 - w. What is the remainder when z is divided by 5?
2
Let d(o) = -o**3 + 2*o**2 + 4 